u + 1. Give n(m).
-3
Let f(i) = -i**2 + i - 1. Suppose 6*c - 20 = c. Suppose c*g = 5*p - 2 - 12, 4*p = -3*g + 36. Let d be p/4*(5 + -3). Give f(d).
-7
Let x(y) be the second derivative of 0*y**3 + 3*y + 1/4*y**4 + 0 + 0*y**2 + 1/20*y**5 + 1/240*y**6. Let g(w) be the third derivative of x(w). Calculate g(-4).
-6
Let r(c) = -3*c**3 - 10*c**2 + c - 5. Let w(x) = -8*x**3 - 29*x**2 + 3*x - 15. Let v(o) = -11*r(o) + 4*w(o). Determine v(6).
1
Suppose -4*p = 2*b + 4 + 6, -3*p - 1 = -5*b. Let y(z) = -8*z**2 - z. Calculate y(b).
-7
Let v = -45 + 41. Let s(k) be the second derivative of -k**3/6 - k**2 - 3*k. Give s(v).
2
Let b = -56 - -56. Let r(f) = -f + 5. Give r(b).
5
Let k(y) = 8*y - 1. Let l = -77 - -76. Give k(l).
-9
Let l(b) = 2 - b + 4 - 2 - 3. Let r = 3 + -2. What is l(r)?
0
Let u(g) be the first derivative of -3*g**2 + 4*g + 10. Calculate u(3).
-14
Let z(p) = 0*p**2 - 10*p + 3 + 16*p + p**2 + 0*p**2. Give z(-6).
3
Let k(l) = -l**3 + 3 + 6*l - 2 + 3*l**2 + 4 - 6*l**2. Suppose -6*t - 4*o - 16 = -2*t, 0 = -5*o. Determine k(t).
-3
Let j = -1 - -2. Let w be ((2 - 2) + j)*-1. Let r(u) be the first derivative of -7*u**2/2 - 1. What is r(w)?
7
Let a(v) = 6*v**2 - 5 - 12 + 16. What is a(2)?
23
Suppose 18 + 0 = w - 2*n, 0 = -5*w - 3*n + 90. Let t be (-172)/(-36) + 4/w. Let j(q) = q**3 - 6*q**2 + 7*q - 6. Calculate j(t).
4
Let m be (3 + -1 - 0)/1. Let g be m/(-4) + 2/(-4). Let h(p) = 8*p**2 - 2*p - 1. Determine h(g).
9
Let s(z) = -z**2 - 5*z + 3. Let p be s(-3). Let j(u) = u - 2*u - 10 + p. Determine j(-1).
0
Let i(q) be the second derivative of q**8/1120 - q**7/2520 + q**6/720 - q**5/120 - q**4/6 + q. Let n(t) be the third derivative of i(t). Determine n(1).
5
Let s(k) = k - 7. Suppose j + 2*l = -0*j + 1, 0 = -4*j + 2*l + 24. Determine s(j).
-2
Let x(p) = 2 + p**3 + 5*p**2 - 2 + 6*p + 5 - 2. Give x(-4).
-5
Suppose 6*x + 5 = x - 4*o, 4*x + 3 = -3*o. Let d(z) = -z**x + 3*z**3 + 4*z**2 - 3*z**3 - 4 - z. Calculate d(4).
-8
Let i(w) = -3*w**3 - 3*w**2 + 4*w - 2. Let x(t) = -t**3 - t**2 + 2*t - 1. Let p = 1 - 6. Let q(n) = p*x(n) + 2*i(n). Calculate q(-2).
9
Let h(r) = -10*r - r - 940*r**2 + 939*r**2 - 10. Give h(-9).
8
Let b(r) = -2*r**2 + 1. Suppose -5*i - 3 = -23. What is b(i)?
-31
Let v(r) = -5 - r + 1 - 5 + 3*r. What is v(6)?
3
Let z(s) = -s**3 + s**2 + s - 4. Let g(l) be the third derivative of -l**5/60 - 5*l**4/8 + 8*l**2. Let n be g(-15). What is z(n)?
-4
Let x(a) = 6 + 0*a + 5*a - 4*a - 3*a. What is x(7)?
-8
Suppose 2*g - 8 = -3*y, 2*g = -y + 5*y - 20. Let r(t) = 7*t - y*t**2 - t**3 + 5*t - 9*t - 5. Determine r(-5).
5
Suppose -4*d - 4 = -20. Let m(p) = -p**3 + 4*p**2 - p. Let x be m(d). Let q(a) = -a + 1. Calculate q(x).
5
Suppose 3*h + 4*l - 5 = 2, 4*l = 4*h. Let v(z) = z - 2. Determine v(h).
-1
Let p(x) = x**2 - 3. Let d be p(2). Let c(h) be the first derivative of h + 2 + 0*h**2 + 0 - h**2. Calculate c(d).
-1
Let l(w) = -3*w + 2 - 1 + 4*w. Let k(u) = u**2 + 4*u + 7. Let z(r) = k(r) - 3*l(r). Let b be z(0). Let j(x) = -x**3 + 3*x**2 + 5*x - 3. What is j(b)?
1
Let x(s) = 10*s**2 - 8*s + 4. Let m(b) = 7*b**2 - 5*b + 3. Let f(l) = 7*m(l) - 5*x(l). Suppose 3*r + 0 = 15. Calculate f(r).
1
Let s(q) = -q**3 - 7*q**2 - 6*q - 3. Suppose -y + 9 = -4*y. Let k be y + 2/4*-6. What is s(k)?
-3
Let k(m) = 17*m**2 - 5*m - 19*m**2 + 7*m**3 + 4 - 4*m**3 - 2*m**3. Let q(p) = -p - 1. Let x be q(-4). Determine k(x).
-2
Let u(b) = -b. Let c(w) be the third derivative of w**5/60 + 5*w**3/6 + 2*w**2. Let m(r) = c(r) - 5*u(r). Determine m(-4).
1
Let z(g) = g**2 - 3*g + 3. Let i = 0 + -3. Let f be 4 - 1 - i/(-3). Determine z(f).
1
Let f(h) = -2*h. Let a be 17/(-15) + (-20)/(-150). Give f(a).
2
Let u(t) = t**2 - 5*t - 2. Suppose m - 10 = 2*g - 3*g, m = 4. Calculate u(g).
4
Suppose 2*g = 6*g + 24. Let a(i) = -i**3 - 6*i**2. Calculate a(g).
0
Let u be (-1)/4 - (-3 - 141/(-12)). Let x(s) = -s + 29. Let o(p) = p - 43. Let c(q) = -5*o(q) - 7*x(q). Let y be c(u). Let b(g) = g**2 + 7*g + 3. Give b(y).
-3
Let o(i) = -2*i + 1. Let v(w) = w**3 - 6*w**2 - 7*w + 1. Suppose 0*q - 2*q = -14. Let n be v(q). Give o(n).
-1
Let b = 5 - 0. Suppose -3*g - 2*g + 49 = -2*n, -4*g - 2*n = -32. Let i = b - g. Let j(a) = a**3 + 4*a**2 - 1. What is j(i)?
-1
Let v(q) = -4*q + 24. Let b be v(4). Let z(i) = i**2 - 9*i + 4. Calculate z(b).
-4
Let s(x) = x - 4. Let i be s(4). Suppose 20 = 5*b + 5*h, i = -2*h + 12 - 4. Let k(z) = -17*z + 16*z + 4 + b. Determine k(3).
1
Let u(b) be the first derivative of -2*b - 1 - b + 0 + 2*b**2. Let g(q) = 21*q - 16. Let l(i) = 2*g(i) - 11*u(i). Determine l(3).
-5
Let b(n) = -6*n**3 - n**2 + 2*n - 1. Let j = 26 + -12. Let s = 15 - j. What is b(s)?
-6
Let c be (-3)/9 - 14/3. Let w(k) be the second derivative of -k**4/12 - k**3/2 + 5*k**2/2 - 2*k. Give w(c).
-5
Let s(p) = 0*p - 1 + 3*p**2 - 2*p**2 + 4 - 4*p. Determine s(5).
8
Suppose 6 = 5*i - 3*v, -3*i - 3*v + 25 - 7 = 0. Let t(m) = 0*m**2 + i*m + 3*m**2 + 0 + 3 - 4*m**2. Give t(4).
-1
Let y = 77 - 78. Let t(m) = 3 - 3 - 9*m. Determine t(y).
9
Let o(l) = -8*l**2 + 4*l. Let c(q) = 7*q**2 - 3*q. Let i(n) = 6*c(n) + 5*o(n). Determine i(-3).
12
Let m(r) be the first derivative of -5*r**2 + 29. What is m(-1)?
10
Let o(u) = -u**2 - 4*u + 3. Let v(r) = -r**2 + 2*r - 3. Let f = -9 - -12. Let t be v(f). Let n be (-2)/(t/4 + 2). Give o(n).
3
Let o(w) = 7*w + 2. Let u(i) = -2*i - 1. Let g(l) = o(l) + 4*u(l). Calculate g(2).
-4
Suppose 0 = 2*j + 3*y + 2*y + 25, -5*j - 19 = -2*y. Let o(h) be the second derivative of h**4/12 + 5*h**3/6 - h**2 - 4*h. What is o(j)?
-2
Let l(a) = 0 + a**2 - 1 + 2 + 3*a. Let s be ((-4)/(-6))/(1/(-3)). Give l(s).
-1
Let p(j) = -2*j**2 - 5*j**2 - 3*j + 3*j**2 + 6 + j**3. Calculate p(4).
-6
Let q(p) = -p**2 - 2*p + 2. Suppose 2*w = -0*w - 4. Let x be (-10)/3 + w/3. What is q(x)?
-6
Let i(k) = -k. Let t(h) be the second derivative of h**4/12 + 4*h**3/3 - 5*h**2 + 2*h. Let g be t(-9). Determine i(g).
1
Let c(f) = f - 1. Let o(s) = -s**2 + s - 4. Let i(y) = -5*c(y) + o(y). Let n = -6 - -3. Give i(n).
4
Suppose 5*l = f + 23, 3*f = -l - 0*l + 11. Let w = 9 + -6. Let o(c) = 0 + w + 1 + f*c. Determine o(-3).
-2
Let l = -19 + 19. Let o(j) = j - 5. Give o(l).
-5
Let j(a) = 2 + a - 4 - 3. Calculate j(-7).
-12
Let i(h) = h - 4. Suppose -u = u + 6. Calculate i(u).
-7
Let j(w) = -2 + 0*w**2 + 1 - w - 4*w**2. Give j(-1).
-4
Let u(z) be the third derivative of z**6/120 + 2*z**5/15 + z**4/3 + 2*z**3/3 - 3*z**2. Let v be u(-7). Let y(h) = h + 1. What is y(v)?
-2
Let y(k) = -k**2 - 7*k - 5. Let h be (-6)/2 - 4 - -2. Let c be y(h). Let g(v) = -2 + 7 + 0 - v. What is g(c)?
0
Let u(t) = t**2 + t + 1. Let z(s) = 1. Let a(n) = u(n) - 2*z(n). Let g(r) be the first derivative of a(r). Determine g(2).
5
Let v = 14 - 18. Let z(w) = -w**3 - 3*w**2 + 4*w + 3. Let f(y) = -3*y**3 - 9*y**2 + 12*y + 9. Let n(k) = 3*f(k) - 8*z(k). Determine n(v).
3
Let t(b) = -2*b**2 - 2*b + 2. Suppose 1 = -4*y + 2*p - 3, -5*p = -y + 8. Let h be t(y). Let k(w) = -w**2 + 4*w + 3. Calculate k(h).
-9
Let b(p) = p**2 + 3*p - 6. Suppose 22 = -4*s + 2. Calculate b(s).
4
Suppose 9*m = 7*m - 4. Let k(x) be the second derivative of 2*x**3/3 + x**2 - 2*x. Calculate k(m).
-6
Suppose h = -w + 2*w, 4*w - 2*h = -2. Let l(r) = 13*r**2 + 2*r + 1. Calculate l(w).
12
Let d(t) = 4*t**2 - 2*t + 1. Let o(a) = -a**3 + a**2. Let l be o(0). Suppose 2*u = 2 - l. Calculate d(u).
3
Let p(s) = s**2 + 4*s + 0*s**2 + 5 - 5 + 4. Give p(-4).
4
Let r(s) = s**3 - 5*s**2 - 3*s + 3. Let m(k) = -k**2 - 6*k + 7. Let j be m(-6). Suppose 2 = -b + j. Calculate r(b).
-12
Let f(u) = 7*u + 5. Let x(m) = m. Let a(h) = f(h) + 4*x(h). Let t(v) = 7*v + 3. Let s(k) = -5*a(k) + 8*t(k). Suppose 0 = 3*i + 2*i - 30. Determine s(i).
5
Let l(o) be the second derivative of o**5/20 + 7*o**4/12 + 2*o**3/3 - 7*o**2/2 + 12*o. Calculate l(-6).
5
Let l(r) be the first derivative of -r**2/2 + 21*r + 9. Calculate l(0).
21
Let z(i) = -1 + 2*i**3 - i**3 + 2. Let y = -8 - -15. Suppose -3*g = -y*g + 4. Determine z(g).
2
Let k(l) = l**2 - l + 1. Let s(t) = 5*t**2 - 7*t + 7. Let h(b) = -4*k(b) + s(b). What is h(4)?
7
Let r(o) = -o**3 + 9*o**2 + o - 7. Let w be r(9). Let f(t) = -2*t - 3 + 0 - w + 2. What is f(-4)?
5
Suppose 2*s - p + 5*p + 8 = 0, 4*s = -4*p. Let a(b) be the third derivative of b**6/120 - b**5/15 + b**4/24 - 2